{"version":"1.0","type":"rich","width":"560px","height":"140px","title":"ISOLIERSTATION #278 &#8211; Im Gespr\u00e4ch mit Fabian &#8222;Dailykn\u00f6del&#8220; Nolte - Andr\u00e9 und Frank begr\u00fc\u00dfen in der 278. Episode der ISOLIERSTATION einen Gast aus der Webvideo-Vergangenheit, der u.a. den Sprung in die \u00f6ffentlich-rechtlichen Medien bereits vor einigen Jahren geschafft hat und seitdem in der ein oder anderen Indepe(...)","url":"https:\/\/isolierstation.de\/2023\/10\/01\/154\/","author_name":"Alle Produktionen von ISOLIERSTATION.de - Alle Produktionen aus der ISOLIERSTATION Podcast-Schmiede","author_url":"https:\/\/isolierstation.de","thumbnail_url":"https:\/\/isolierstation.de\/wp-content\/uploads\/2023\/09\/ISO278.jpg","html":"<iframe width=\"560px\" height=\"140px\" src=\"https:\/\/isolierstation.de\/2023\/10\/01\/154\/?standalonePlayer\"><\/iframe>"}

ISOLIERSTATION #278 &#8211; Im Gespräch mit Fabian &#8222;Dailyknödel&#8220; Nolte - André und Frank begrüßen in der 278. Episode der ISOLIERSTATION einen Gast aus der Webvideo-Vergangenheit, der u.a. den Sprung in die öffentlich-rechtlichen Medien bereits vor einigen Jahren geschafft hat und seitdem in der ein oder anderen Indepe(...)
